**2 - 5*b - 3. Let h = -140 - -136. Let k = h + -1. What is w(k)?
-3
Suppose 0*b + 45 = 5*b. Let k(r) = r**3 - 14*r**2 - 9*r + 3. Let s(p) = -3*p**3 + 45*p**2 + 26*p - 4. Let j(q) = -7*k(q) - 2*s(q). Calculate j(b).
5
Suppose -3*h - 27 = 12. Let i(q) = -q**3 - 14*q**2 - 10*q - 5. Let u be i(h). Let z = -49 - u. Let r(k) = -k - 5. Determine r(z).
0
Let u(k) = -k**3 + 10*k**2 + 9*k + 28. Let c(b) = b**2 + 63*b - 187. Let q be c(3). What is u(q)?
6
Let q(k) be the third derivative of k**5/60 - 5*k**4/12 + k**3/2 - 411*k**2. Determine q(9).
-6
Let j(v) = 2*v**3 - 4*v**2 + 0 + 2 - v**3 - 5*v. Suppose p + 1 + 2 = 0, 0 = 4*y - 4*p - 32. Calculate j(y).
2
Let q(c) = -9*c**2 - c**3 - 2*c**2 - 4*c - 5*c. Suppose -4*o = -4*x - 40, -x + 317*o = 318*o + 10. Calculate q(x).
-10
Let l(z) = 119*z**2 + 91*z - 96. Let v(u) = -53*u**2 - 44*u + 48. Let o(a) = 4*l(a) + 9*v(a). What is o(-31)?
79
Let b = -2486 + 2475. Let w(k) = k**2 + 16*k - 6. Determine w(b).
-61
Let v(d) = 8*d + 16 - 5*d + 13 - 28 + 9*d. Suppose l - 3*l + 2 = -2*c, 3*c = -3*l + 9. Calculate v(l).
25
Let i(y) = -2*y**2 - 4*y + 4. Let k(l) = -9*l - 66. Let m be k(-7). Let q(b) = -5*b**2 - 9*b + 9. Let o(g) = m*q(g) + 7*i(g). Determine o(-3).
13
Let k = -786 + 790. Let i(f) be the first derivative of 23 + 2*f**3 + 1/4*f**4 + k*f + 0*f**2. Calculate i(-6).
4
Suppose 3*v - q + 17 = -30, -2*v - 28 = q. Let r be (-1)/(v/(-6) - 2). Let s(m) be the first derivative of m**3 + m**2 - 2*m + 7540. Calculate s(r).
6
Let j(k) = 2*k - 3. Suppose -5*m = -15, 86*m - 87*m = -5*i - 43. Calculate j(i).
-19
Let y(v) = -37*v**2 - 54*v - 14. Let o(w) = 21*w**2 + 29*w + 8. Let h(q) = -7*o(q) - 4*y(q). Give h(-14).
14
Let z(j) be the second derivative of 7*j**4/12 + 5*j**3/6 + 5*j**2/2 - 706*j. What is z(-1)?
7
Let x(l) be the third derivative of l**4/24 - 2*l**3/3 - 34*l**2 + 2*l + 15. Let f be ((-10)/(-4))/(1/6). Let n = f - 11. Calculate x(n).
0
Let a be 4 - 3/9*-3. Suppose a*p - 2*w = -0*p - 110, 3*p + 45 = -3*w. Let r = p - -22. Let g(x) = x**3 - x**2 + 2*x + 1. Calculate g(r).
9
Let v(i) = -217*i + 20*i + 17 + 177*i + 19*i. Let g be 2 + -2 - (1 + -15). What is v(g)?
3
Let r(v) = v + 4. Suppose 0 = -7*d - 7*d + 28. Suppose -2*s + d*s - s = 0. Calculate r(s).
4
Let t(k) = -10*k + 17. Let y(w) = -2*w**2 + 142*w - 2380. Let v be y(44). What is t(v)?
57
Let z(p) = -p**2 - 16 - 2*p - 182 + 40*p - 8*p + 23*p. What is z(49)?
-2
Let g(s) be the third derivative of -3/8*s**4 - 2/3*s**3 + 0 + 2*s - 1/60*s**5 + 21*s**2. Calculate g(-7).
10
Let b(t) = t**3 + 6*t**2 - 4*t + 35. Let i = -5266 + 5259. Give b(i).
14
Suppose 4746*b - 1579*b - 1577*b = 1578*b. Let p(v) = 0 - 7 + v - 6. Give p(b).
-13
Let d(m) = 13*m - 44. Let v(n) = n**3 + 6*n**2 - 45*n - 47. Let z be v(-10). Determine d(z).
-5
Let o be 8*((-4)/6)/((-236)/(-885)). Let w(d) = -d**2 - 21*d - 35. Determine w(o).
-15
Suppose -4*i + 83 = -2*f + 121, 46 = 4*f - 2*i. Suppose 0 = -2*w + 6 - 0. Let p(q) = 6 - 12 - w*q**2 + 2*q**2 + 12*q - 4*q. Determine p(f).
-15
Let k = -110 - -111. Suppose -f - 4 = -k. Let n(s) be the first derivative of -s**4/4 - 5*s**3/3 - 3*s**2/2 - 4*s + 1. Determine n(f).
-13
Suppose -79*u = -77*u - 4. Suppose -u*o + 4 = -p, 11*p - 13*p + 17 = o. Let w(k) be the second derivative of -k**3/6 + k**2 - 2*k. Give w(p).
-4
Suppose 4*l - 124 = s, 0 = 5*l - 647*s + 646*s - 157. Let w(c) = c**3 - 36*c**2 + 100*c - 42. Calculate w(l).
-9
Let a(q) be the second derivative of q**5/20 - 23*q**4/12 + 19*q**3/6 + 31*q**2 - 19*q + 15. Give a(22).
-4
Let d = 20938 + -20905. Let p(n) = n - 7. What is p(d)?
26
Let o(w) = 8 + 9 + 650*w**3 + 3*w + 4*w - 8*w**2 + w**2 - 651*w**3. Calculate o(-8).
25
Suppose 15 = 1151*a - 1136*a. Let j(s) = 12*s**2 - 9*s + 5. Give j(a).
8
Let d(k) = -k**2 + 5*k - 3. Let s be d(4). Let x(y) = -s + y - 3*y - 6 + y. Suppose 5*a - 798 + 838 = 0. Calculate x(a).
1
Let q(x) be the second derivative of x**5/20 - 7*x**4/12 + x**3 - 3*x**2 + x - 1995. Determine q(5).
-26
Suppose -x + 15 = -5*g, 42 = -2*x - g + 17. Let c be (-63)/12 + 4/16. Let j(p) = -3*p + 20. Let k(s) = -2*s + 10. Let y(t) = c*k(t) + 3*j(t). Give y(x).
0
Let v(p) = -p**3 - 2*p. Let n(m) = m**3 + 5*m**2 - 11*m - 8. Let u be n(-6). Suppose 25*j = u*j - 30. Let t be j/(-70) - 30/14. What is v(t)?
12
Let p(j) be the third derivative of 0 + 0*j**3 - 3*j**2 + 0*j - 1/60*j**5 - 1/24*j**4. Let s(d) = d**3 - 21*d**2 + 54*d - 3. Let w be s(18). What is p(w)?
-6
Suppose 2*u + 5*c = 4*u - 5, -2*u = -3*c - 11. Suppose 5*t + 5*n + 30 = 0, -u = t + 2*t - 5*n. Let k(s) = -16*s + 9*s + 10 - 9 - 2*s**2. Give k(t).
-14
Suppose -9*j - 1489 = 1301. Let z = 310 + j. Let d(h) = 4*h**2 + 2*h - 16. Let f(p) = p**2 + p - 1. Let x(u) = d(u) - 3*f(u). Determine x(z).
-13
Let h(r) = -23*r**2 - 16*r + 5. Let q(g) = -18*g**2 - 13*g + 4. Let u(b) = -11*h(b) + 14*q(b). What is u(2)?
-7
Suppose 0*k - 8*k = 0. Suppose 2*b = -2*a + 30, 15 = -k*b + b - 3*a. Let q be 4/(-30) - 43/b. Let u(h) = 3*h - 2. What is u(q)?
-11
Suppose -4*j = 2 - 6, v - 5*j - 9 = 0. Let k(b) = -4*b + 9 + 2*b - v + 4 + 9*b**2. Let g(w) = w + 6. Let p be g(-7). Determine k(p).
10
Suppose 2*t = 9*t - 14. Let r be (t/6)/(-1*4/(-24)). Let d(v) = 1 + 2*v**2 + 0*v**2 - 9*v + 3 - v**r. Determine d(9).
4
Let w = 9941 + -9947. Let t(g) = g**3 + 8*g**2 + 14*g. Give t(w).
-12
Let y(r) = 39*r + 74 - 230*r + 51*r + 61*r + 49*r. Calculate y(3).
-16
Let z = -9537 + 9571. Let j(r) = -r**3 + 36*r**2 - 67*r - 37. Give j(z).
-3
Let i = 1652 - 1653. Let h(w) be the first derivative of 2*w**4 - w + 1. Give h(i).
-9
Let v = -45 + 53. Let c = 2 + v. Let g(u) = u**2 + c*u**3 + 2*u + 0*u**2 - 11*u**3 - 1. Determine g(-2).
7
Let g(k) = -k**2 - 7*k + 2. Let c = -174 + 214. Let p(r) = 2*r - 5. Let s be p(-4). Let b be 20/c + s/2. Calculate g(b).
8
Let t(h) be the second derivative of -h**4/6 - 13*h**3/6 + 4*h**2 + 1344*h + 2. Give t(-12).
-124
Let x(v) = v - 7. Let y be x(5). Let s(n) = 3*n**3 - n + 41*n**2 - 12*n**2 - 27*n**2. Give s(y).
-14
Let r(p) = -112884 + 112884 - 125*p**2 + 34*p**2. Determine r(-1).
-91
Let p(q) = q + 3. Suppose -15*j = -10*j - 20. Suppose -5*w = -b - j*b - 35, 3*w + b = 9. Let f be 3/(w/12*-1). Give p(f).
-6
Let k(v) be the third derivative of v**5/60 + 5*v**4/6 + 4*v**3/3 + 2*v**2 + 38. Let a(j) be the first derivative of k(j). Give a(-12).
-4
Let g(m) = 3 + 5*m**2 + 2*m**2 + m - 2*m - 7*m**3. Let c(y) = -6*y**2 - 4*y**2 + 263*y**3 - 264*y**3 + 11*y**2. Let p(i) = -6*c(i) + g(i). Give p(0).
3
Let a(l) = 2*l**2 - 2*l - 12. Suppose 52 = -53707*b + 53720*b. What is a(b)?
12
Let p be 8 + (-26)/(-65)*10. Suppose 0 = l - 1 - 3. Suppose -2*t + p = -l*t. Let i(k) = -k - 7. Give i(t).
-1
Let g(t) = -28 - 7 + 31 + 3*t. Suppose 9*n + 3 = 8*n. Determine g(n).
-13
Let r(w) be the second derivative of -7/2*w**2 + 5 + 1/20*w**5 + 2*w + w**3 + 2/3*w**4. What is r(-7)?
0
Let f be 0/(-11) + -1 + 6. Suppose 25 = 5*o - 10. Let l(h) = 5 - 3 + o - 3 - h**3 - 8*h + 6*h**2. Calculate l(f).
-9
Let t(j) = j**3 - 8*j**2 + 7*j - 6. Let d = -1369 + 1376. Give t(d).
-6
Let l(w) = -6*w**2 + 246*w - 510. Let f(b) = b**2 - 38*b + 78. Let h(g) = 33*f(g) + 5*l(g). Determine h(7).
3
Let o(c) = -c - 1. Suppose 0 = 3*h - 15*j + 10*j + 1114, -2*j = 3*h + 1100. Let y = h + 362. What is o(y)?
5
Let j(b) = -b**2 + 6*b + 5. Let r = 299 + -295. Suppose 0 = 9*x + r*x - 78. Give j(x).
5
Let w(a) = -3*a**3 + a**2 - 12*a - 12. Let q be w(-1). Suppose -5*x + 10 = -q*o, -x - 7 + 28 = 3*o. Let z(p) = p**3 - 7*p**2 + 4*p - 1. Calculate z(x).
-13
Let w(c) = -7*c**3 - 9*c**2 + 7*c - 1. Let l(a) be the second derivative of a**5/20 + a**4/12 + a**2/2 + 53*a. Let x(g) = -6*l(g) - w(g). Determine x(-4).
7
Let m(j) = -6*j - 40. Let p = -12851 - -12845. Give m(p).
-4
Let h = 0 - 0. Let o(k) = -k. Let l(b) = 5*b**2 - 7*b - 10. Let y(t) = l(t) + 6*o(t). Let x(m) = -m**2 + 2*m + 1. Let a(f) = 6*x(f) + y(f). Calculate a(h).
-4
Let z(c) be the second derivative of 1/6*c**3 + 0 + c**2 - 65*c. Determine z(-3).
-1
Let u = 13995 - 83969/6. Let p(d) be the third derivative of 1/24*d**4 + u*d**3 + 0 + 0*d + 2/15*d**5 + 32*d**2. What is p(-1)?
8
Let b(r) = r**2 + 2*r - 20. Let j = -6437 - -6441. Calculate b(j).
4
Suppose 5*i - 4*u + 23 = 0, -4*u - 13 = i + 6. Let g(n) = 147 + n**2 - 126 - 164 + 147 + 9*n. Cal